 4?
-50
Calculate -37 + (-34 + 22 + -15 - 4).
-68
Calculate -482 + 478 - (-10 - 0 - -3).
3
What is (-1 - -31) + 35 + -27?
38
What is the value of (-4 - -67) + (50 + -22 - 32)?
59
Calculate 0 - ((-219 - -217) + (61 - (7 - 7))).
-59
Evaluate -2 - -8 - 69 - (-1299 - -1253).
-17
Evaluate 1018 - 967 - (4 - (4 - 18)).
33
Calculate 4 + -21 + (17 - 43 - (-160 - -12)).
105
What is the value of 7 + -7 + 6 + -16 + (9 - -5) + 10?
14
What is the value of -23 - (-34 + 38 + -47)?
20
-4 + 10 + (-96 + (-17 - -11) - -11)
-85
What is (-1 + (2 - 4) - -3) + (-12 - 8 - -48)?
28
Evaluate (-126 - -23 - -264) + -32.
129
-7765 - -7613 - (-2 + -71)
-79
(5 - -6) + 7 + -9 + 3 + (-65 - -4)
-49
Evaluate 1 + -34 + 14 + 31 + (57 - 1) + 6.
74
(13 - 26) + 30 - 6 - 6 - (-93 - -7)
91
22 - 0 - (613 + -527)
-64
-1 + -1 - 7 - (-7 - ((-12 - 17) + 24))
-7
Evaluate (2 - (-8 - 4) - -10) + (-2 - -4).
26
Evaluate 438 - 436 - (2 + 8).
-8
What is (-1 - (-2 + 3 - (-20 - (-20 + 8)))) + 118?
108
What is the value of 14 + (3 - 48) + (-16 - -7) - -16?
-24
11 + (-89 - (-6 + -17))
-55
Evaluate (-135 - (125 + -393)) + -241.
-108
Evaluate -16 - (-1 + 1) - (100 + -226 + 190).
-80
What is the value of (72 - (181 + -161)) + 96?
148
What is the value of (1 + -12 - (-38 + 42)) + 8?
-7
Evaluate 30 + -25 - 11 - (-39 - (-9 - -2)).
26
What is -34 - -37 - (5 + -29)?
27
-2 + -21 + (23 - -78) + -75
3
Calculate (11 - (5 + 67)) + (3 - -1 - 2).
-59
-14 + 21 + (-7 - -85) + -10 + 24
99
Calculate 156 - (19 - (-147 + 84)).
74
Calculate -123 + -48 + 35 + 74.
-62
Evaluate (-28 - -30 - (3 - -19)) + -26.
-46
-2 + (1 - 8 - (-16 + -8 + -10 + 33))
-8
What is the value of -29 + (-593 - -607 - (-1 - 15))?
1
What is the value of -90 + 2 - (-1633 - -1607 - (-3 - (11 + 0)))?
-76
21 + -38 - (1 + -31 + -2)
15
What is the value of -3 + (220 + -66 - 127)?
24
What is the value of 96 + -148 + -13 + 84?
19
What is the value of 1 - 0 - ((11 - (55 + 15)) + 28)?
32
-9 + (103 + -58 - -29)
65
What is 10 - (-8 - (6 - -22)) - (16 - 25)?
55
Calculate 6 - (-9 + 7 + -1 + -6 + -22).
37
Evaluate 3 + -238 + 268 + (-21 - -4).
16
Evaluate (-96 + 84 - (-1 - 1) - -1) + -44 - 7.
-60
What is (-10 - -32 - 16) + (-12 - -8) + -3?
-1
(-5 + 2 - -3) + (-9 + 4 - -82) + -19
58
What is (16 - -6 - 41) + -22?
-41
What is the value of -384 + 414 - (2 + (-5 - -32))?
1
What is the value of 15 + (43 - 9) + -37 + 23?
35
What is 73 + (-43 + 42 - 9 - (-9 - 3))?
75
What is 15 - (-12 - (16 + (-26 - -3))) - 14?
6
1 + -25 + -3 + 38 + -102 + -21
-112
-3 + 116 + -361 + 347 + -5
94
Evaluate -591 + 630 + (-1 - 15) + -144.
-121
What is the value of -171 - (-88 - (-93 + 98))?
-78
3 + -5 + 7 - (2 + 9) - -53
47
Evaluate 3 + -47 + 14 + -3 + -6 + -2 + -2.
-43
What is the value of 25 + -10 + 0 + -22 + (2 - -9)?
4
What is the value of -715 + 574 - (-2 + 2 + 0 - (-7 - -8))?
-140
12 - 2 - (-3 + (-16 + 17 - 23))
35
What is the value of 8 - (22 + -70 + 24) - -26?
58
Evaluate (33 - 2) + 19 + (20 - 45) + 1.
26
What is -1 + 0 + -9 + (-5389 - -5394)?
-5
(30 - -3) + -37 + -31 - 35
-70
Calculate 38 + (-205 - -207) + (1 - 14) + -3.
24
Calculate -11 + 93 + -33 + -7 + (-6 - -10).
46
70 + (-51 - -10) - 40
-11
What is the value of (2 - -38) + -2 + 3 + -19?
22
Evaluate -14 + -7 + 20 + -10 + (2 - -73).
64
What is 25 + (-45 - 22) + -7?
-49
-282 + 220 - (-10 + -73)
21
Evaluate -140 + 134 + 15 - (43 - (2 + -3)).
-35
What is the value of -23 + (12 - (3 + 37)) - (-1 + -13)?
-37
Calculate 7106 + -7095 + 0 + -44 + 1.
-32
Evaluate 5 + -4 + 10 + -6 + -1.
4
What is the value of -16 - (62 + -20 - 44)?
-14
Calculate 1 + 8 + (-20 + 40 - (41 + -11)).
-1
-36 - (1 - (11 - (-15 + 23)) - 8)
-26
What is 5 + -4 + 33 + -22 - (-5 - -6)?
11
Calculate 9 - ((4 - (-1 - 1)) + 4) - (-18 - -21).
-4
Evaluate 6 + -47 - (26 + -90).
23
Evaluate 1 + 8 - (45 - (193 + -50 - 66)).
41
What is the value of -9 - -11 - (-1 + 4) - (-44 - (-24 - -43))?
62
What is the value of -86 + (30 - (22 + -10 + -1)) + 7 + 0?
-60
What is the value of (-15 + 93 - -3) + -10 + (0 - 6) + -4?
61
Evaluate -7 - (-15 + 70 + -32).
-30
Evaluate -6 - (-19 - 6) - (58 - 46) - -27.
34
Calculate 8 - 16 - (-3 + 4 + -2 - 2 - -3).
-8
What is 1 - -57 - (9100 - 9030)?
-12
Evaluate (-11 - (-65 + 6)) + (-4 - 175).
-131
What is the value of 1 + (-2 - 17) + (645 - 657)?
-30
What is the value of 1077 + -1052 + 1 + -23 - (0 - -4)?
-1
Evaluate (-33 - -54) + 2 + -32 + -12.
-21
-1 + -12 - (1 + 0) - (305012 + -305031)
5
What is the value of 90 + 1 - (1719 + -1620)?
-8
Evaluate (1 - 5) + -17 - (99 + -158).
38
What is the value of (-31 - 1) + (-1436 - -1400)?
-68
Calculate (-55 + -42 - -29) + 49.
-19
Calculate 24 + 42 + -24 - 99.
-57
Evaluate (1 + -5 - (-1 + -9)) + -26 + 52 + 7.
39
Evaluate -24 - (207 + -207 + (1 + 10 - 1)).
-34
Evaluate -35 + ((-37 - -20) + 5 - -30).
-17
What is the value of (-14 - -7 - -11) + 8 + (-66 - -17)?
-37
What is the value of (19 - 32 - -17) + -99 + (-11 - 6) + 6?
-106
Evaluate -19 + (-633 - -659 - (-1 + 0)).
8
What is (-49 - -71) + 14 + -33?
3
Calculate -90 - (-6 + 2) - (-39 + (25 - 5) - -21).
-88
What is the value of 10 - (1 + -12 - 3) - 18?
6
What is 13 - (-7 - -6 - (-12 + 13)) - -7?
22
8 + 0 + -54 - -8
-38
What is the value of (-4 + 3 - (-1 - 0)) + 15 - (10646 - 10635)?
4
What is 3 + -3 + -72 + (242 - 216)?
-46
Calculate 49 + -1 + -11 - (-101 - -90).
48
Evaluate (4 - (-43 - (20 + -5 - 22))) + 4.
44
What is 75 + -55 - (-9 - 0) - 128?
-99
Evaluate (31 - 42) + 28 + 31.
48
Evaluate 6 - (29 + -33 + -5 + 4 + -6 + 3).
14
What is the value of 7 - (59 - (-25 - -30))?
-47
Calculate 5 + ((10 - (-3 - 6) - -1) + -13 - 51).
-39
Evaluate -6 - -3 - -13 - ((14 - 22) + 3 + -57).
72
What is the value of 20 - -1 - (4 - (14 + -27 + 19))?
23
Evaluate 0 - 29 - (1 + -3) - (-69 + (666 - 589)).
-35
What is the value of -4 - (-3 - 11) - 7 - 3 - 2?
-2
-61 + -29 + 27 + 20 + 11
-32
What is 17 - ((88 - 5) + -22) - -17?
-27
Evaluate (-21 - -21) + (6 - -1) - (-9 + 58).
-42
What is -23 + 22 + (-14 - -2) + 11 + 5?
3
(-57 - ((-15 - (6 - 10)) + 1)) + 13
-34
What is (327 - 334) + (13 - -1) + -3 + -2 - 27?
-25
What is the value of 76 + 84 + -73 - 68?
19
What is the value of 4 - (3 - -11 - 2) - (1 + -4)?
-5
What is the value of (42 - 17 - 13 - (-1 + 13)) + -102 + -1?
-103
97 + -122 + 2 + 19 + -6
-10
-20 + (-26 - (48 - 87))
-7
What is the value of -2 + (1 - (2 - -40)) + (6 + -9 - -2)?
-44
24 + 94 + -42 - 101
-25
Evaluate 41 + (24 - 27 - 51).
-13
Calculate -61 + 8 - -65 - -12.
24
Evaluate (0 - 12) + (-948 - -934) + -34 + -1.
-61
Calculate 16 + (11 - (-7 - -4) - 40) + -68.
-78
What is 57 + 71 + -25 + -57?
46
Calculate -144 + (-4 + 3 - -10 - (0 + -14)).
-121
19 - (6 - 0 - (-7 + (-18 - -28)))
16
(-64 - 3 - -77) + (-33 - 0)
-23
Evaluate 46 + 23 + (11 - 62) - 67.
-49
Calculate -19 + 8 + 9 + -13 + 8 + 2 + -8.
-13
Calculate (-14 - -10) + 2 + -6 + -2.
-10
What is the value of (1 + -32 - (-2 - -2)) + (293 + -631 - -326)?
-43
Evaluate (-22 - (-18 - 1)) + (-3 - (0 - 13) - -30).
37
Evaluate (-44 - -8) + 66 - (0 - 1).
31
Evaluate 11 - (14 + 43 + -16 - 50).
20
Calculate 33 + 1 + -19 - (83 + (-10 - 1)).
-57
Evaluate (0 - -3) + (8 - (-16 - (-16 - (21 - -64)))).
-74
1 - -4 - (1 + 6 + 66 + -52 + 32)
-48
What is (-8 - (-1 - 5) - 17) + (1150 - 1192)?
-61
(-36 - (63 + -69 - 164)) + (-9 - (0 + -2))
127
Evaluate 4 + 0 + -107 + 92 + (-32 - 73).
-116
Evaluate -18 + (42 - 31) + 1 + 18 + -21.
-9
Evaluate 1 + 0 - (-27 - (2 + 18 + -68 + 28)).
8
What is (4 + -18 - -24) + 0 + 5 + 80 + -84?
11
-68 - (-198 - (45 - 113))
62
Calculate (159 - 62) + 93 - 134.
56
(5 - -7 - (-4 + 8 - 9 - -11)) + 10
16
What is 5 + -1 + (9 - (-12 - (-14 + 7))) + 3?
21
Calculate 117 - (-5 - (12 + (5 - -6 - 10) - 3)).
132
77 + -141 - (1 + -113)
48
Evaluate 8 + (9 + 8 + -8 - 6) - (150 - 61).
-78
What is -4 + 18 + (-81 - (-1 - 33))?
-33
Evaluate (-50 - -1) + -7 + 26.
-30
What is the value of -58 - (-63 + (47 - -1))?
-43
What is (4 - -2 - -25) + (12 - -12 - 7) + -13?
35
Calculate (7 + -3 - -8) + 132 + -142 + 21 + 1.
24
-1 - (-7 - (23 + -23 + 10))
16
Calculate 5 + -86 + 37 + 13 + (-7 - (-1 + -1)).
-36
What is 1 + 207 + (16328 - 16424)?
112
What is the value of -53 + 2 + (2 - 3) + -18 + 6 + 11?
-53
Evaluate 24 + (-24 - (6 + -8)) + 7.
9
What is the value of -9 - (88 - (127 - 68))?
-38
Evaluate 8 + (0 - ((-16 - -1) + 11)) + 4.
16
Calculate -19 + (4 - 4) + 600 + -